{"id":889,"date":"2023-07-10T15:16:57","date_gmt":"2023-07-10T18:16:57","guid":{"rendered":"https:\/\/b2ti.com.br\/unidades-de-negocio-e-produtos\/?post_type=product&#038;p=889"},"modified":"2025-08-29T11:18:19","modified_gmt":"2025-08-29T14:18:19","slug":"spp-00005","status":"publish","type":"product","link":"https:\/\/b2ti.com.br\/unidades-de-negocio-e-produtos\/produto\/spp-00005\/","title":{"rendered":"Microsoft 365 Apps para Pequenos e M\u00e9dios Neg\u00f3cios ESD &#8211; Digital para Download PN: SPP-00005"},"content":{"rendered":"<h1>Microsoft 365 Apps para Pequenos e M\u00e9dios Neg\u00f3cios ESD<\/h1>\n<p>&nbsp;<\/p>\n<h2>Caracter\u00edsticas:<\/h2>\n<ul>\n<li><strong>Marca:<\/strong> Microsoft<\/li>\n<li><strong>Modelo:<\/strong> SPP-00005<\/li>\n<\/ul>\n<p>&nbsp;<\/p>\n<h2>Especifica\u00e7\u00f5es:<\/h2>\n<ul>\n<li><strong>Uso de licen\u00e7a:<\/strong> Uso de uma licen\u00e7a para obter a instala\u00e7\u00e3o completa dos aplicativos do Office em cinco dispositivos m\u00f3veis, cinco tablets e cinco PCs ou Macs por usu\u00e1rio. O Microsoft 365 Apps para Pequenos e M\u00e9dios neg\u00f3cios aceita no m\u00e1ximo 300 usu\u00e1rios.<\/li>\n<li><strong>Licen\u00e7a:<\/strong> 1 ano<\/li>\n<li><strong>Pacote de aplicativos:<\/strong> Microsoft 365 Apps ESD<\/li>\n<li><strong>Linguagem:<\/strong> Portugu\u00eas (podendo ser alterado pelo usu\u00e1rio)<\/li>\n<li><strong>Tecnologia:<\/strong> 32\/64 bits<\/li>\n<li><strong>Compatibilidade:<\/strong> Compat\u00edvel com Mac e Windows<\/li>\n<li><strong>Inclu\u00eddo no conjunto:<\/strong>\n<ul>\n<li>Word<\/li>\n<li>Excel<\/li>\n<li>PowerPoint<\/li>\n<li>OneNote<\/li>\n<li>Outlook<\/li>\n<li>Publisher (somente PC)<\/li>\n<li>Access (somente PC)<\/li>\n<\/ul>\n<\/li>\n<li><strong>Armazenamento em nuvem:<\/strong> 1 TB de espa\u00e7o no OneDrive por pessoa<\/li>\n<li><strong>Limita\u00e7\u00e3o:<\/strong> O Microsoft 365 Apps para Pequenos e M\u00e9dios neg\u00f3cios aceita no m\u00e1ximo 300 usu\u00e1rios<\/li>\n<\/ul>\n<p>&nbsp;<\/p>\n<h2>Sistema operacional:<\/h2>\n<ul>\n<li><strong>PC:<\/strong> Windows 11, Windows 10, Windows 8.1, Windows Server 2019, Windows Server 2016<\/li>\n<li><strong>Mac:<\/strong> Duas \u00faltimas vers\u00f5es do macOS<\/li>\n<li><strong>Android:<\/strong> Vers\u00e3o do sistema operacional: KitKat (4.4.X) ou superior<\/li>\n<li><strong>iOS:<\/strong> O Office para iPad\u00ae e iPhone\u00ae exige o iOS 10.0 ou posterior. O Office para iPad Pro\u2122 requer o iOS 10.0 ou posterior.<\/li>\n<\/ul>\n<p>&nbsp;<\/p>\n<h2>Microsoft 365 Apps para Pequenos e M\u00e9dios neg\u00f3cios:<\/h2>\n<ul>\n<li>Obtenha as vers\u00f5es para \u00e1rea de trabalho dos aplicativos do Office: Outlook, Word, Excel, PowerPoint, OneNote (al\u00e9m do Access e do Publisher apenas para PC)<\/li>\n<li>Armazene e compartilhe arquivos com 1 TB de armazenamento em nuvem do OneDrive por usu\u00e1rio<\/li>\n<li>Use uma licen\u00e7a para obter a instala\u00e7\u00e3o completa dos aplicativos do Office em cinco dispositivos m\u00f3veis, cinco tablets e cinco PCs ou Macs por usu\u00e1rio<\/li>\n<li>Atualize automaticamente seus aplicativos com novos recursos e capacidades todos os meses<\/li>\n<li>Obtenha ajuda a qualquer momento com o suporte telef\u00f4nico e pela Web ininterrupto da Microsoft<\/li>\n<\/ul>\n<p>&nbsp;<\/p>\n<p><strong>IMPORTANTE:<\/strong> Por se tratar de um servi\u00e7o DIGITAL, em raz\u00e3o de suas caracter\u00edsticas t\u00e9cnicas, ap\u00f3s RECEBIMENTO da Chave (licen\u00e7a), n\u00e3o \u00e9 poss\u00edvel o cancelamento e\/ou desist\u00eancia da compra. A Microsoft coloca seu suporte t\u00e9cnico \u00e0 disposi\u00e7\u00e3o para eventuais problemas.<\/p>\n<p>&nbsp;<\/p>\n<h2>Descri\u00e7\u00e3o do Produto<\/h2>\n<p>O Microsoft 365 Apps para Pequenos e M\u00e9dios Neg\u00f3cios \u00e9 uma solu\u00e7\u00e3o abrangente desenvolvida especialmente para atender \u00e0s necessidades de empresas de pequeno e m\u00e9dio porte. Essa su\u00edte de aplicativos oferece uma ampla gama de recursos e ferramentas que aumentam a produtividade, a colabora\u00e7\u00e3o e a efici\u00eancia operacional.<\/p>\n<p>&nbsp;<\/p>\n<h2>Vantagens e Benef\u00edcios<\/h2>\n<h3>Aumente a Produtividade<\/h3>\n<p>O Microsoft 365 Apps oferece uma variedade de aplicativos essenciais para o ambiente de neg\u00f3cios. O Microsoft Word, Excel, PowerPoint e Outlook permitem que voc\u00ea crie, edite e compartilhe documentos, planilhas, apresenta\u00e7\u00f5es e e-mails com facilidade. A interface intuitiva e os recursos avan\u00e7ados ajudam a maximizar a produtividade de sua equipe.<\/p>\n<p>&nbsp;<\/p>\n<h3>Colabora\u00e7\u00e3o Eficiente<\/h3>\n<p>A colabora\u00e7\u00e3o \u00e9 fundamental para o sucesso de qualquer empresa. Com o Microsoft 365 Apps, voc\u00ea pode compartilhar arquivos e trabalhar simultaneamente em documentos em tempo real. O Microsoft Teams, inclu\u00eddo na su\u00edte, facilita a comunica\u00e7\u00e3o e a colabora\u00e7\u00e3o entre os membros da equipe, independentemente de sua localiza\u00e7\u00e3o geogr\u00e1fica. Reuni\u00f5es virtuais, bate-papo em grupo e compartilhamento de tela est\u00e3o ao alcance de sua equipe.<\/p>\n<p>&nbsp;<\/p>\n<h3>Seguran\u00e7a Avan\u00e7ada<\/h3>\n<p>A prote\u00e7\u00e3o de dados \u00e9 uma preocupa\u00e7\u00e3o constante para as empresas. Com o Microsoft 365 Apps, voc\u00ea obt\u00e9m recursos avan\u00e7ados de seguran\u00e7a e conformidade para proteger suas informa\u00e7\u00f5es confidenciais. O Office 365 usa criptografia de dados, autentica\u00e7\u00e3o multifator e recursos de preven\u00e7\u00e3o contra perda de dados para garantir a seguran\u00e7a de suas comunica\u00e7\u00f5es e arquivos.<\/p>\n<p>&nbsp;<\/p>\n<h3>Flexibilidade e Mobilidade<\/h3>\n<p>O Microsoft 365 Apps oferece flexibilidade e mobilidade para os neg\u00f3cios. Com a op\u00e7\u00e3o de instalar os aplicativos em v\u00e1rios dispositivos, como PCs, tablets e smartphones, voc\u00ea e sua equipe podem trabalhar em qualquer lugar, a qualquer momento. Os aplicativos tamb\u00e9m est\u00e3o dispon\u00edveis online, permitindo o acesso e a edi\u00e7\u00e3o de documentos a partir de qualquer navegador da web.<\/p>\n<p>&nbsp;<\/p>\n<h3>Atualiza\u00e7\u00f5es e Suporte Cont\u00ednuos<\/h3>\n<p>Ao optar pelo Microsoft 365 Apps, voc\u00ea recebe atualiza\u00e7\u00f5es cont\u00ednuas dos aplicativos e acesso ao suporte t\u00e9cnico especializado da Microsoft. As atualiza\u00e7\u00f5es regulares garantem que voc\u00ea tenha acesso \u00e0s \u00faltimas funcionalidades e melhorias de seguran\u00e7a, mantendo seu neg\u00f3cio atualizado e protegido.<\/p>\n<p>&nbsp;<\/p>\n<h3>P\u00fablico-Alvo<\/h3>\n<p>O Microsoft 365 Apps para Pequenos e M\u00e9dios Neg\u00f3cios \u00e9 direcionado para pequenas e m\u00e9dias empresas, bem como para compradores corporativos, profissionais de supply chain e tomadores de decis\u00e3o. Essas solu\u00e7\u00f5es abrangentes atendem \u00e0s necessidades espec\u00edficas desse p\u00fablico, oferecendo uma gama completa de aplicativos e recursos essenciais para melhorar a efici\u00eancia operacional e a colabora\u00e7\u00e3o em equipe.<\/p>\n<p>Siga a B2TI nas redes sociais e fique por dentro das nossas novidades: <a href=\"https:\/\/linkedin.com\/company\/b2ti-solutions\/\" target=\"_blank\" rel=\"noopener\">LinkedIn<\/a> , <a href=\"https:\/\/facebook.com\/b2ti.solutions\/\" target=\"_blank\" rel=\"noopener\">Facebook<\/a> , <a href=\"https:\/\/instagram.com\/b2tisolutions\/\" target=\"_blank\" rel=\"noopener\">Instagram<\/a> e <a href=\"https:\/\/www.youtube.com\/@b2tisolutions930\" target=\"_blank\" rel=\"noopener\">Youtube<\/a> Nosso site: <a href=\"https:\/\/b2ti.com.br\" target=\"_blank\" rel=\"noopener\">www.b2ti.com.br<\/a><\/p>\n","protected":false},"excerpt":{"rendered":"<h1>MICROSOFT | 365 | APPS FOR BUSINESS | 1TB | ONE DRIVE | MICROSOFT TEAMS | WORD | EXCELL | POWER POINT | ACESS | SPP-00005<\/h1>\n<p>Para atender \u00e0s necessidades de empresas, o pacote Microsoft 365 Apps for Business inclui uma variedade de app, como Outlook Customer Manager, Exchange Online, Microsoft Teams e SharePoint Online.<\/p>\n","protected":false},"featured_media":890,"comment_status":"open","ping_status":"closed","template":"","meta":[],"product_brand":[142],"product_cat":[33],"product_tag":[183,178],"class_list":{"0":"post-889","1":"product","2":"type-product","3":"status-publish","4":"has-post-thumbnail","6":"product_brand-microsoft","7":"product_cat-software","8":"product_tag-pacote-office-365","9":"product_tag-software","11":"first","12":"instock","13":"shipping-taxable","14":"product-type-simple"},"_links":{"self":[{"href":"https:\/\/b2ti.com.br\/unidades-de-negocio-e-produtos\/wp-json\/wp\/v2\/product\/889","targetHints":{"allow":["GET"]}}],"collection":[{"href":"https:\/\/b2ti.com.br\/unidades-de-negocio-e-produtos\/wp-json\/wp\/v2\/product"}],"about":[{"href":"https:\/\/b2ti.com.br\/unidades-de-negocio-e-produtos\/wp-json\/wp\/v2\/types\/product"}],"replies":[{"embeddable":true,"href":"https:\/\/b2ti.com.br\/unidades-de-negocio-e-produtos\/wp-json\/wp\/v2\/comments?post=889"}],"wp:featuredmedia":[{"embeddable":true,"href":"https:\/\/b2ti.com.br\/unidades-de-negocio-e-produtos\/wp-json\/wp\/v2\/media\/890"}],"wp:attachment":[{"href":"https:\/\/b2ti.com.br\/unidades-de-negocio-e-produtos\/wp-json\/wp\/v2\/media?parent=889"}],"wp:term":[{"taxonomy":"product_brand","embeddable":true,"href":"https:\/\/b2ti.com.br\/unidades-de-negocio-e-produtos\/wp-json\/wp\/v2\/product_brand?post=889"},{"taxonomy":"product_cat","embeddable":true,"href":"https:\/\/b2ti.com.br\/unidades-de-negocio-e-produtos\/wp-json\/wp\/v2\/product_cat?post=889"},{"taxonomy":"product_tag","embeddable":true,"href":"https:\/\/b2ti.com.br\/unidades-de-negocio-e-produtos\/wp-json\/wp\/v2\/product_tag?post=889"}],"curies":[{"name":"wp","href":"https:\/\/api.w.org\/{rel}","templated":true}]}}